 -32 - b. Suppose o*g + 5 = 26. Calculate the remainder when g is divided by 4.
3
Let y be 3 + (-2)/((-6)/9). Suppose -i - y = -2*i. Let j = 26 + -10. What is the remainder when j is divided by i?
4
Let z(d) = 2*d. Let u be z(12). Suppose -36 = -3*p - 2*g - 2*g, -5*g = -2*p + u. What is the remainder when (-22)/(-1)*18/p is divided by 9?
6
Suppose p + p = 0. Let z(l) = l + 21. Let n(u) = -u**3 - 11*u**2 - 25*u + 3. Calculate the remainder when z(p) is divided by n(-8).
10
Calculate the remainder when -205 - -273 - (0 - -6) is divided by 18.
8
Let m = -429 - -459. Calculate the remainder when 297 is divided by m.
27
Suppose 14 = 5*w - 11. Let l(i) = -7*i + 0*i - 2*i**2 + 7 + w*i**2. What is the remainder when l(5) is divided by 16?
15
What is the remainder when 235 is divided by (14 + 17)/(3 + -2)?
18
Let q(c) = c**2 + 1. Let o(p) = 60*p**3 + 3*p**2 + 2*p + 2. Let n(d) = o(d) - 3*q(d). Let a = -3 - -4. Calculate the remainder when n(a) is divided by 16.
13
Suppose 23*z - 126 = 16*z. Calculate the remainder when z is divided by 5.
3
Let u(r) = 5*r**3 + 2*r**2 + 4*r. Let d be u(-3). Let k = d + 73. What is the remainder when 41 is divided by ((-12)/(-8))/((-6)/k)?
13
Let a(z) = 3*z**2 - 33*z - 48. What is the remainder when a(15) is divided by 36?
24
Suppose 778 = 8*u - 182. Calculate the remainder when u is divided by 48.
24
Let w = -974 + 1050. Calculate the remainder when 376 is divided by w.
72
Let u(p) = p**3 + 24*p**2 + 16*p - 76. Calculate the remainder when u(-23) is divided by 50.
35
Suppose 5*w = 4*r + 120, -65 = -2*w + 2*r + 3*r. Suppose -68 = -9*k - 41. Suppose -w = k*b - 89. Calculate the remainder when b is divided by 13.
10
Suppose 4*l + w = 60, -3*l + 5*w - 90 = -8*l. Let t(u) = u**3 + 14*u**2 - 10*u + 83. Calculate the remainder when l is divided by t(-15).
6
Suppose 16 = 2*h - 50. Let m(p) = p + 1. Let n be m(4). Suppose 3*w = -5*k + 46, 3*k - 26 = n*w - 114. What is the remainder when h is divided by w?
16
Calculate the remainder when (112 - -11) + (-1 - -4) is divided by 34.
24
Let r = -681 + 704. What is the remainder when 204 is divided by r?
20
What is the remainder when 18 is divided by 3*-44*(-4)/48?
7
Calculate the remainder when (-31)/31 + (69 - 1*-1) is divided by 29.
11
Let c(i) be the second derivative of -3*i**2 + 0 - 11/6*i**3 + 1/6*i**4 + 15*i. What is the remainder when c(9) is divided by 20?
17
Let k be 2 + ((-3)/12*0)/2. Suppose 593 = 5*j - 4*c, k*c + 355 = 3*j - 0*c. What is the remainder when j is divided by 12?
9
Suppose 3*u = -u, -5*y - 4*u + 1220 = 0. What is the remainder when y is divided by 49?
48
Let c = -22 + 28. Suppose 0*q - q = 0. Suppose 3*s - 15 - 33 = q. Calculate the remainder when s is divided by c.
4
Let d(k) = -54*k - 22. What is the remainder when d(-4) is divided by 105?
89
Let u = -1177 - -1611. What is the remainder when u is divided by 139?
17
Suppose -t + 80 = t. Let o be 42 + (-3 - -5)*1. Suppose 3*h - 2*k - o = 0, 3*h - 2*k + 7*k - 37 = 0. Calculate the remainder when t is divided by h.
12
Let q(c) = c**3 - 3*c**2 + c + 1. What is the remainder when 7*(-2 - (-2 + -2)) is divided by q(3)?
2
Suppose -423 + 55 = -3*m - 2*f, -3*m = -f - 374. Let u = 13 + 1. What is the remainder when m is divided by u?
12
Suppose 5*y + 33 = 2*u, -4*u + 2*u - 5*y + 43 = 0. What is the remainder when 373 is divided by u?
12
Suppose 4*q + 4*q - 496 = -0. Suppose -4*i + 85 = 3*r + 2*r, r = 4*i - 7. Calculate the remainder when q is divided by r.
10
Let x = 183 - 99. Let i = 6 + -3. Suppose y - x - i = 0. Calculate the remainder when y is divided by 18.
15
Suppose 824 = 12*m - 88. Suppose 114 = 4*w - x, -3*w - 3*x + m = x. What is the remainder when w is divided by (-15)/4*(2 - 6)?
13
Calculate the remainder when 6*2/4 + (-3 - -90) is divided by 46.
44
Let b = 95 - 81. Calculate the remainder when 69 is divided by b.
13
Let l = -11 - -474. What is the remainder when l is divided by 15?
13
Suppose 6*j + 8*j = 1624. Calculate the remainder when j is divided by 17.
14
Let g(a) = -6*a**3 + 2 - 7 + 3*a**3 + 10*a**2 + 12*a + 2*a**3. Let w be g(11). Calculate the remainder when (w/(-9))/(4/(-366)) is divided by 16.
13
Suppose 9 + 15 = 3*d. Suppose 4*q - 20 = d*q. Let c = q - -10. Calculate the remainder when 6 is divided by c.
1
Suppose -10*y + 8*y = -132. What is the remainder when 367 is divided by y?
37
Let j = 488 - 471. What is the remainder when 45 is divided by j?
11
Suppose 0 = -93*p + 98*p - 30. Let i = 2 - 4. What is the remainder when p is divided by 4 - (-1 + 5 + i)?
0
Suppose 5*p - o = 11, -p + o + 5 = p. Suppose p = 3*y - 76. What is the remainder when y is divided by 4?
2
Let u(z) = -10*z - 28. What is the remainder when u(-5) is divided by 17?
5
Let w be 3/((-6)/(-20)) + -4. Suppose 132 = -w*m + 12*m. What is the remainder when m is divided by 2 + (3 + -2 - -5)?
6
Calculate the remainder when (-63)/6*(-4 - 8/(-3)) is divided by 4.
2
Suppose 0 = 5*p - 4*l - 332, 0*p - 4*p + l = -259. Calculate the remainder when p is divided by 36.
28
Let g(s) be the second derivative of s**4/12 - s**3/2 - 17*s**2/2 + s. Calculate the remainder when g(8) is divided by 8.
7
Let v = 73 - 31. What is the remainder when v is divided by (-140)/490 - 107/(-7)?
12
Suppose 3*i + 1 = 16. Suppose 0*m - 2*v = 5*m - 26, i*v = 15. Suppose m*r = 16 + 16. What is the remainder when 21 is divided by r?
5
Suppose -10*f + 18 = -f. Suppose -13 = -f*v - 4*k + 25, v - 13 = -4*k. Calculate the remainder when 70 is divided by v.
20
Suppose 50*v - 49*v = 71. Calculate the remainder when v is divided by 14.
1
Let k = 29747 - 29739. Let b = -55 - -100. What is the remainder when b is divided by k?
5
Let r(o) = o**3 + 9*o**2 - 4*o + 14. Calculate the remainder when (-1978)/(-8) + 90/120 is divided by r(-9).
48
Suppose -2*n - 2*d + 50 = 0, 2 = d - 0. Suppose -2*r = -5*l + 2 - 21, -4*l - 20 = -2*r. Calculate the remainder when n is divided by r.
11
Calculate the remainder when 3 + (-100)/36 + 241/9 is divided by 5.
2
Suppose -1484 = -8*v + 348. Calculate the remainder when v is divided by 29.
26
Let r = -67 + 108. Suppose -84 - 4 = -4*y. What is the remainder when r is divided by y?
19
Let t(d) = -d**2 + 25*d + 56. Calculate the remainder when t(25) is divided by 12.
8
Let h(g) = -14*g**2 + 2*g + 2. Let v be h(3). Let y be v/(-12) - 9/(-54). What is the remainder when y - (-2 - 1/(-1)) is divided by 5?
1
Suppose 5*f - 15 = 5*s, -5*s + 2 = 3*f - 23. Suppose -4*d = -2*l - 114, -s*d - l = -5*l - 72. Calculate the remainder when d is divided by 7.
5
Suppose -3*m + 3*x = -7*m + 75, 2*m + x - 37 = 0. Calculate the remainder when m is divided by 14.
4
Suppose 0 = 16*g - 25*g + 324. Suppose -5*x + 292 = -228. Calculate the remainder when x is divided by g.
32
Suppose -g - 3*g + 604 = 0. Let m(a) = 2*a + 84. What is the remainder when g is divided by m(-23)?
37
What is the remainder when 94 is divided by (0 + 4/6)*3861/78?
28
Let d be 416/(-14) + (-2)/7. Let y = d + 28. Calculate the remainder when (-87)/(-6) + y/(-4) is divided by 8.
7
Suppose 0 = -4*m + 2*m + 178. Let q be (-8)/(-12) + 56/6. Calculate the remainder when m is divided by 117/5 + (-4)/q.
20
Let v(a) = 2*a**2 + 10*a - 78. Calculate the remainder when v(-13) is divided by 35.
25
Let q = 20 + 2. Let u = -12 + q. Calculate the remainder when (-8 - -1)*-2*6/3 is divided by u.
8
Let i(p) = p**3 + 4*p**2 + 3*p + 4. Suppose -3*q - z = -3 + 16, -2*z = -3*q - 1. What is the remainder when 10 is divided by i(q)?
2
Let c be (-20)/(-25)*(-15)/(-6). Let k(j) = j**2 - 3*j. What is the remainder when k(5) is divided by c/6 + (-22)/(-6)?
2
Let t(l) = -9*l. Let q be -17*2*4/(-8). Calculate the remainder when q/34 - (-103)/2 is divided by t(-2).
16
Suppose 0 = -2*t + 7 + 21. Let s = 46 + -6. Calculate the remainder when s is divided by t.
12
Let c(i) be the third derivative of 17*i**4/24 - i**3/2 - 3*i**2. What is the remainder when c(4) is divided by 33?
32
Suppose 0 = 8*m - m. Suppose -4*p = n - m*p - 86, -5*p - 407 = -4*n. What is the remainder when n is divided by 33?
32
Let t(y) = y + 10. Let b(q) = -1. Let o(n) = -4*b(n) + t(n). Let g be o(10). Let x = -17 + g. Calculate the remainder when 18 is divided by x.
4
Suppose -4 = -3*v - 10. What is the remainder when 26 is divided by -8*v/4 - -10?
12
Le